ppose -6*t + 8106 = -0*t. Calculate the greatest common factor of 7 and t.
7
Let o(j) be the first derivative of -j**2/2 + 12*j - 2. Let n be o(13). Let y be n*22/(-2)*1. Calculate the greatest common factor of y and 1.
1
Let c = -20 + 21. Let y be (c - 3)*(-22 + 0). Let k = 16 - 5. Calculate the greatest common factor of y and k.
11
Let u = -440 - -656. Let z = -4 + 28. What is the greatest common factor of z and u?
24
Let f(h) = -2*h - 4. Let k = 10 - 19. Let x(w) = -w - 21. Let l be x(k). Let i be f(l). Calculate the greatest common factor of 160 and i.
20
Let p = -636 + 659. Calculate the greatest common factor of 460 and p.
23
Let v(d) = -d**2 + 3*d + 63. Let l(z) = -z - 1. Let g(s) = -3*l(s) + v(s). Let u be g(0). What is the highest common factor of 6 and u?
6
Let h = 477 - 456. Suppose 0 = -x - 4*x + 300. Let g be x/3 + (-2)/(-2). What is the greatest common divisor of h and g?
21
Let d = 1396 + -936. What is the highest common factor of d and 20?
20
Let w(n) = n**2 + 6*n - 6. Let l be w(-7). Let o(q) = 21*q**2. Let m be o(l). Calculate the greatest common factor of 6 and m.
3
Suppose 0*o + o - 7 = 0. Suppose 11*u - 15*u = 5*h - 160, -5*u = 5*h - 165. Calculate the greatest common divisor of h and o.
7
Let v be (-3)/(2 - -4)*-6. Suppose 1 = -2*n + 3*s, -v*s = -5*s + 6. Suppose n*c - 18 = -z, -4*c = -c - 6. What is the highest common divisor of z and 20?
10
Let h = 9 + -14. Let f = h + 9. Suppose 0 = -f*x + 7 + 49. What is the highest common divisor of x and 126?
14
Let t = 137 - 22. Let d = -35 + 58. Calculate the highest common factor of d and t.
23
Let m(k) = 3*k - 17. Let s be m(7). Let q be (-7)/(((-15)/(-3))/15). Let x = 23 + q. What is the greatest common divisor of s and x?
2
Let t(q) = -q - 4. Let s be t(-6). Let k = 974 - 976. Let f be 34/s + 1 + k. Calculate the greatest common factor of 40 and f.
8
Suppose -4*f - 8 = 0, -3*f + 110 = 16*u - 12*u. What is the highest common divisor of u and 203?
29
Let b be -2*2/(-4)*4. Let k be (-118)/8 - 1/4. Let r = -3 - k. What is the highest common factor of b and r?
4
Let n(s) = s**3 + 11*s**2 - 13*s - 13. Let v be n(-10). What is the highest common factor of 62 and v?
31
Let l = 538 + -488. Calculate the greatest common factor of 75 and l.
25
Let r = -941 + 1513. Calculate the greatest common factor of 308 and r.
44
Suppose 50 = -3*r - 0*r + 5*a, -5*r - 92 = -4*a. Let p = r - -24. Let l be 4 + 0/p - -8. Calculate the greatest common factor of 84 and l.
12
Suppose 2*j = -4*d + 716, -3*d + 548 = -13*j + 9*j. Let x(r) = 6*r + 3. Let m be x(7). What is the highest common factor of d and m?
45
Let m = 919 - 576. What is the highest common factor of m and 7?
7
Let r = 71 - 43. Let l be 2/(1 - -1)*r. Calculate the greatest common divisor of 70 and l.
14
Let n = -72 + 74. Let z be (224/20 - n)/((-3)/(-15)). Calculate the highest common factor of 69 and z.
23
Let t be (15/9)/(2*(-2)/(-12)). Let f(u) = -3*u**2 + 25*u + 6. Let v be f(t). What is the highest common divisor of 7 and v?
7
Let j = 790 - 733. What is the highest common divisor of 323 and j?
19
Suppose 0 = 13*s - 8*s - 95. Let l = s - 17. Suppose 0 = r - l - 0. Calculate the greatest common divisor of 4 and r.
2
Let z = 6827 - 4762. Calculate the greatest common divisor of z and 35.
35
Suppose -3*k - 7 = -22, -4*t + 5*k = -167. Let r be 16/(-3)*(-72 + 63). What is the greatest common divisor of t and r?
48
Let v = 103 - -247. What is the greatest common divisor of v and 280?
70
Suppose 24*i + 28560 = 92*i. Calculate the greatest common factor of i and 120.
60
Let k = 6 + -8. Let n = 14 - k. What is the greatest common factor of 16 and n?
16
Suppose 0 = 4*q + 3*p - 1536 + 87, 2*q - 717 = p. What is the greatest common factor of q and 200?
40
Suppose 3 + 2 = 5*v, 3*v - 11 = 2*b. Let n be (-4)/(-8) - 14/b. Suppose 3*f - 10 = -5*i + 4*i, n*f + 8 = 4*i. What is the highest common divisor of f and 22?
2
Let x be 30/45*(7 - -2). What is the greatest common factor of x and 42?
6
Let m(g) = -g + 19. Let s be m(11). Let v = s + -1. Suppose 0 = -b + 100 - 37. What is the highest common divisor of v and b?
7
Let j = -1608 + 4258. Calculate the highest common factor of j and 50.
50
Suppose -4*n = 8, -6*n + 189 = 5*c - 3*n. Calculate the greatest common factor of c and 897.
39
Let k(x) be the third derivative of 0*x + 1/3*x**3 - x**2 + 3/20*x**5 + 1/6*x**4 + 0. Let z be k(-2). What is the greatest common factor of z and 210?
30
Let v(z) = 18*z**2 + z + 1. Let i be (3 + -4)*(-1 - 0). Suppose -2 + i = j. Let r be v(j). What is the highest common divisor of 2 and r?
2
Let g = 24 + -20. Suppose -g*w = -d + 39, 2*w - 38 = -d + 5*w. Let q be (-28)/(-4)*(0 + 1). What is the highest common factor of d and q?
7
Let k(i) = -3*i + 25. Let u be k(4). Calculate the highest common divisor of u and 91.
13
Suppose -4*u - 1 = 4*x - 21, -3*x - 5*u + 9 = 0. What is the greatest common divisor of 536 and x?
8
Let x = -115 + 121. Let a be 100 - (-1 + (-5 - -4)). Calculate the greatest common divisor of a and x.
6
Let y be ((56/10)/(20/(-600)))/(-1). What is the highest common divisor of y and 240?
24
Let y(h) = -48*h**3 + h**2. Let w be y(-1). Let u(j) = -4*j**2 - 257*j - 57. Let f be u(-64). What is the greatest common divisor of w and f?
7
Let u = 255 - 244. Calculate the highest common factor of 1 and u.
1
Let q be 44/10*10 + 6. What is the highest common factor of 70 and q?
10
Suppose 2*q - 14 = -o, o - 3*o + q + 3 = 0. Suppose h = 4*r - 44, -o*h - 46 = -6*r + 3*r. What is the highest common divisor of r and 30?
10
Let g be -16 + ((-144)/(-9) - -15). Suppose -2*z = 3*z - 45. What is the greatest common factor of g and z?
3
Suppose 0 = -4*t + c + 52, 4*t + 2*c + 1 - 41 = 0. Suppose -5*m = 2*p - 24, 8 = 4*m - 8. Let v = p + 2. What is the highest common factor of v and t?
4
Let s(z) = -3*z - 6. Suppose -f + 0 = 4. Let h be s(f). Let y = -4 + 6. Calculate the highest common divisor of y and h.
2
Let t = 8 - 23. Let v be ((-20)/t)/((-4)/(-6)). Suppose -5*s + v*k + 57 = -0*k, 4*s - 2*k = 44. What is the greatest common divisor of s and 65?
13
Let s(j) = -3*j + 88. Let f be s(28). Calculate the highest common factor of 100 and f.
4
Suppose 2*n - n - 17 = 0. Let i be 4 - (5 - (3 - 2)). Suppose 5*j - 8 - n = i. Calculate the highest common divisor of j and 40.
5
Suppose 112 = -2*f + 4*f. Let x(h) = h**2 - h. Let m be x(0). Suppose 2*t - 3 - 11 = m. Calculate the greatest common divisor of f and t.
7
Suppose 0 = -3*k + 2*q + 50, 3*k - 2*k - 28 = -5*q. Let z(f) = -f + 39. Let o be z(k). Calculate the greatest common factor of o and 3.
3
Let j = -27 - -21. Let m be (-214)/j - 16/24. Suppose 3*i - 6*i + 735 = 0. Calculate the highest common factor of i and m.
35
Suppose -5*h - 4*t = -0*t - 25, 2*h - 12 = -2*t. Let b be h*1/(4/76). Calculate the highest common divisor of b and 19.
19
Suppose -14*b + 9*b = -675. Calculate the highest common divisor of b and 45.
45
Suppose -5*r + 2*r = -99. Suppose r = 4*c - 2*c - 5*o, -2*c - 3*o = 7. Suppose -c*p = -14 - 66. Calculate the highest common divisor of p and 160.
20
Let z = 48 - 33. Let w = -7468 - -7543. What is the greatest common divisor of w and z?
15
Suppose 112 = -2*m + 4*d, 5*m = -2*d - 160 - 108. Let a = -21 - m. Calculate the highest common divisor of 66 and a.
33
Let k(r) = -94*r - 3. Let g be k(6). Let o be g/(-14) + 3/2. Suppose 0*f = -3*f + o. Calculate the greatest common divisor of f and 126.
14
Suppose 0*f = -4*f + 28. Let b(h) = 3*h + 4. Let x be b(f). Let y be 355/x - 1/5. Calculate the highest common factor of y and 2.
2
Let g(f) = -14*f**3 + 3*f**2 + 7*f + 2. Let k be g(8). Let u be k/(-66) + (-4)/(-22). Calculate the highest common factor of 15 and u.
15
Suppose -2*q + 2073 + 3527 = 0. Suppose 8*m - q = -248. Calculate the greatest common divisor of 29 and m.
29
Suppose -h + 4*h = 12. Suppose -h*y = 24 - 88. What is the highest common divisor of 16 and y?
16
Suppose 0 = -42*l + 21516 + 198. What is the greatest common factor of l and 11?
11
Suppose 3 = k - 2. Suppose x = 5*b - 35, b - k*x - 28 = 3. Let f be (1 + -2)*(-5 + -1). Calculate the highest common factor of b and f.
6
Let z(u) = -u**3 - 7*u**2 + 2*u + 22. Let p be z(-7). What is the highest common factor of 192 and p?
8
Let l = 1979 + -1943. Calculate 